{"id":380,"date":"2016-03-08T10:29:27","date_gmt":"2016-03-08T10:29:27","guid":{"rendered":"http:\/\/demowp.cththemes.net\/monolit\/?page_id=380"},"modified":"2024-09-15T12:59:27","modified_gmt":"2024-09-15T10:59:27","slug":"home","status":"publish","type":"page","link":"https:\/\/www.statikbaumann.de\/","title":{"rendered":"Home"},"content":{"rendered":"<p>[vc_row full_width=&#8221;stretch_row&#8221; cth_layout=&#8221;monolit_fullheight_sec&#8221;][vc_column css=&#8221;.vc_custom_1455730804223{padding-right: 0px !important;padding-left: 0px !important;}&#8221;][monolit_home_slideshow slideimgs=&#8221;622,733,736,738&#8243;]<\/p>\n<h2>Statik Baumann<\/h2>\n<h3>Ingenieurb\u00fcro f\u00fcr Statik<br \/>\nund Baukonstruktion<br \/>\nSchw\u00e4bisch Hall<\/h3>\n<p>[\/monolit_home_slideshow][\/vc_column][\/vc_row][vc_row cth_layout=&#8221;monolit_page_sec&#8221; sec_number=&#8221;01&#8243; el_id=&#8221;sec1&#8243;][vc_column offset=&#8221;vc_col-md-4&#8243;][monolit_carousel_slider_multiimgs slideimages=&#8221;624,928&#8243;][\/vc_column][vc_column offset=&#8221;vc_col-md-8&#8243;][vc_column_text]<\/p>\n<h2 class=\"section-title\">Willkommen bei&nbsp;<strong>STATIK BAUMANN<\/strong><\/h2>\n<p>1972 wurde das B\u00fcro von dem damals 23 j\u00e4hrigen Hartmut Baumann gegr\u00fcndet.&nbsp;In einem gesunden Verh\u00e4ltnis von Auftragslage zu B\u00fcroaufbau wuchs das B\u00fcro Baumann zu einem starken Team mit insgesamt 11 Mitarbeiterinnen und Mitarbeitern heran.<br \/>\nSeit der Gr\u00fcndung hat das Ingenieurb\u00fcro eine \u00fcberaus positive Entwicklung erfahren und hat sich als kompetentes und zuverl\u00e4ssiges Unternehmen \u00fcber die Landesgrenze hinaus etabliert. Dies resultiert zum einen aus unseren fachlichen Kenntnissen, zum anderen aus der engen und vertrauensvollen Zusammenarbeit mit Bauherren, Architekten, Bauplanern, \u00f6ffentlichen Auftraggebern und Fachingenieuren.<\/p>\n<p>Als Tragwerksplaner im konstruktiven Ingenieurbau haben wir seither eine Vielzahl von Bauvorhaben \u00f6ffentlicher und privater Bauherren realisiert und unser Leistungsbild st\u00e4ndig vertieft und erweitert. Unser Ziel ist es, f\u00fcr die Anforderungen des heutigen Bauens wirtschaftliche L\u00f6sungen zu erarbeiten, gleich ob es sich um einen kleinen Umbau oder einen gro\u00dfen Neubau handelt. Mit unseren erfahrenen Mitarbeiterinnen und Mitarbeitern sind wir in der Lage, anspruchsvolle Projekte auf innovative Weise umzusetzen.<\/p>\n<p>Unseren Erfahrungsschatz aus langj\u00e4hriger Projektarbeit stellen wir Ihnen gerne zur Verf\u00fcgung.<\/p>\n<p>Wir freuen uns auf Sie.<\/p>\n<div class=\"process-box\">\n<h3>Unser Arbeitsablauf<\/h3>\n<ul class=\"creat-list\">\n<li><a href=\"#\">Anfrage<\/a><\/li>\n<li><a href=\"#\">Honorarvereinbarung<\/a><\/li>\n<li><a href=\"#\">Auftragserteilung<\/a><\/li>\n<li><a href=\"#\">Beratung des Architekten zur Findung konstruktiver L\u00f6sungen<\/a><\/li>\n<li><a href=\"#\">Genehmigungsplanung<\/a><\/li>\n<li><a href=\"#\">Ausf\u00fchrungsplanung<\/a><\/li>\n<li><a href=\"#\">Baubetreuung<\/a><\/li>\n<\/ul>\n<\/div>\n<div><a class=\"btn anim-button fl-l\" href=\"https:\/\/www.statikbaumann.de\/index.php\/vertical-4-columns\/\"><span class=\"no-rep\">Werfen Sie einen Blick auf unsere Referenzen<\/span><\/a><\/div>\n<div><\/div>\n<p>[\/vc_column_text][\/vc_column][\/vc_row][vc_row cth_layout=&#8221;monolit_page_dark_sec&#8221; parallax_inner_op=&#8221;0.8&#8243; sec_number=&#8221;02&#8243; sec_number_pos=&#8221;left&#8221; parallax_inner=&#8221;10&#8243;][vc_column][vc_row_inner][vc_column_inner offset=&#8221;vc_col-md-4&#8243;][vc_column_text]<\/p>\n<h2 class=\"section-title\">Einige&nbsp;<strong>Fakten<\/strong><\/h2>\n<p>[\/vc_column_text][\/vc_column_inner][vc_column_inner offset=&#8221;vc_col-md-8&#8243;][vc_column_text]<\/p>\n<p class=\"no-rep\">Unser Team \u00fcbernimmt alle Aufgaben, von der Idee bis zur Realisation. Statik Baumann ist Ihr Partner f\u00fcr Tragwerksplanung, Industriebau, Verwaltungsbau, Br\u00fcckenbau und Umbaumassnahmen. Profitieren Sie von unserer umfassenden Kompetenz, langj\u00e4hriger Erfahrung und modernem Equipment.<\/p>\n<p>[\/vc_column_text][\/vc_column_inner][\/vc_row_inner][vc_row_inner][vc_column_inner offset=&#8221;vc_col-md-4&#8243;][\/vc_column_inner][vc_column_inner el_class=&#8221;inline-facts-holder row&#8221; offset=&#8221;vc_col-md-8&#8243;][cth_counter number=&#8221;8&#8243;]<\/p>\n<h6>Qualifizierte Mitarbeiter<\/h6>\n<p>[\/cth_counter][cth_counter number=&#8221;45&#8243; parallax_value=&#8221;80&#8243;]<\/p>\n<h6>Jahre Statik Baumann<\/h6>\n<p>[\/cth_counter][cth_counter number=&#8221;2250&#8243; parallax_value=&#8221;100&#8243;]<\/p>\n<h6>Realisierte Projekte<\/h6>\n<p>[\/cth_counter][\/vc_column_inner][\/vc_row_inner][\/vc_column][\/vc_row][vc_row cth_layout=&#8221;monolit_page_sec&#8221; sec_number=&#8221;03&#8243;][vc_column][vc_column_text]<\/p>\n<h2 class=\"section-title algn-right dec-title\"><span class=\"no-rep\">Unsere <strong>Referenzen<\/strong><\/span><\/h2>\n<p>[\/vc_column_text][monolit_portfolios_parallax show_date=&#8221;no&#8221; view_all_link=&#8221;https:\/\/www.statikbaumann.de\/index.php\/referenzen\/&#8221; ids=&#8221;807,842&#8243;][\/vc_column][\/vc_row]<\/p>\n","protected":false},"excerpt":{"rendered":"<p>[vc_row full_width=&#8221;stretch_row&#8221; cth_layout=&#8221;monolit_fullheight_sec&#8221;][vc_column css=&#8221;.vc_custom_1455730804223{padding-right: 0px !important;padding-left: 0px !important;}&#8221;][monolit_home_slideshow slideimgs=&#8221;622,733,736,738&#8243;] Statik Baumann Ingenieurb\u00fcro f\u00fcr Statik und Baukonstruktion Schw\u00e4bisch Hall [\/monolit_home_slideshow][\/vc_column][\/vc_row][vc_row cth_layout=&#8221;monolit_page_sec&#8221; sec_number=&#8221;01&#8243; el_id=&#8221;sec1&#8243;][vc_column offset=&#8221;vc_col-md-4&#8243;][monolit_carousel_slider_multiimgs slideimages=&#8221;624,928&#8243;][\/vc_column][vc_column offset=&#8221;vc_col-md-8&#8243;][vc_column_text] Willkommen bei&nbsp;STATIK BAUMANN 1972 wurde das B\u00fcro von dem damals 23 j\u00e4hrigen Hartmut Baumann gegr\u00fcndet.&nbsp;In einem gesunden Verh\u00e4ltnis von Auftragslage zu B\u00fcroaufbau wuchs das B\u00fcro Baumann zu einem starken Team [&hellip;]<\/p>\n","protected":false},"author":1,"featured_media":0,"parent":0,"menu_order":0,"comment_status":"closed","ping_status":"closed","template":"homepage.php","meta":[],"yoast_head":"<!-- This site is optimized with the Yoast SEO plugin v17.7.1 - https:\/\/yoast.com\/wordpress\/plugins\/seo\/ -->\n<title>Home - Baumann Statik<\/title>\n<meta name=\"description\" content=\"Statik Baumann - Ingenieurb\u00fcro f\u00fcr Statik und Baukonstruktion in Schw\u00e4bisch Hall: Tragwerksplanung, Industriebau, Verwaltungsbau, Br\u00fcckenbau, ...\" \/>\n<meta name=\"robots\" content=\"index, follow, max-snippet:-1, max-image-preview:large, max-video-preview:-1\" \/>\n<link rel=\"canonical\" href=\"https:\/\/www.statikbaumann.de\/\" \/>\n<meta property=\"og:locale\" content=\"de_DE\" \/>\n<meta property=\"og:type\" content=\"article\" \/>\n<meta property=\"og:title\" content=\"Home - Baumann Statik\" \/>\n<meta property=\"og:description\" content=\"Statik Baumann - Ingenieurb\u00fcro f\u00fcr Statik und Baukonstruktion in Schw\u00e4bisch Hall: Tragwerksplanung, Industriebau, Verwaltungsbau, Br\u00fcckenbau, ...\" \/>\n<meta property=\"og:url\" content=\"https:\/\/www.statikbaumann.de\/\" \/>\n<meta property=\"og:site_name\" content=\"Baumann Statik\" \/>\n<meta property=\"article:modified_time\" content=\"2024-09-15T10:59:27+00:00\" \/>\n<meta name=\"twitter:card\" content=\"summary_large_image\" \/>\n<meta name=\"twitter:label1\" content=\"Gesch\u00e4tzte Lesezeit\" \/>\n\t<meta name=\"twitter:data1\" content=\"2\u00a0Minuten\" \/>\n<script type=\"application\/ld+json\" class=\"yoast-schema-graph\">{\"@context\":\"https:\/\/schema.org\",\"@graph\":[{\"@type\":\"WebSite\",\"@id\":\"https:\/\/www.statikbaumann.de\/#website\",\"url\":\"https:\/\/www.statikbaumann.de\/\",\"name\":\"Baumann Statik\",\"description\":\"Ingenieurb\\u00fcro f\\u00fcr Statik und Baukonstruktion\",\"potentialAction\":[{\"@type\":\"SearchAction\",\"target\":{\"@type\":\"EntryPoint\",\"urlTemplate\":\"https:\/\/www.statikbaumann.de\/?s={search_term_string}\"},\"query-input\":\"required name=search_term_string\"}],\"inLanguage\":\"de\"},{\"@type\":\"WebPage\",\"@id\":\"https:\/\/www.statikbaumann.de\/#webpage\",\"url\":\"https:\/\/www.statikbaumann.de\/\",\"name\":\"Home - Baumann Statik\",\"isPartOf\":{\"@id\":\"https:\/\/www.statikbaumann.de\/#website\"},\"datePublished\":\"2016-03-08T10:29:27+00:00\",\"dateModified\":\"2024-09-15T10:59:27+00:00\",\"description\":\"Statik Baumann - Ingenieurb\\u00fcro f\\u00fcr Statik und Baukonstruktion in Schw\\u00e4bisch Hall: Tragwerksplanung, Industriebau, Verwaltungsbau, Br\\u00fcckenbau, ...\",\"breadcrumb\":{\"@id\":\"https:\/\/www.statikbaumann.de\/#breadcrumb\"},\"inLanguage\":\"de\",\"potentialAction\":[{\"@type\":\"ReadAction\",\"target\":[\"https:\/\/www.statikbaumann.de\/\"]}]},{\"@type\":\"BreadcrumbList\",\"@id\":\"https:\/\/www.statikbaumann.de\/#breadcrumb\",\"itemListElement\":[{\"@type\":\"ListItem\",\"position\":1,\"name\":\"Startseite\",\"item\":\"https:\/\/www.statikbaumann.de\/\"},{\"@type\":\"ListItem\",\"position\":2,\"name\":\"Home\"}]}]}<\/script>\n<!-- \/ Yoast SEO plugin. -->","yoast_head_json":{"title":"Home - Baumann Statik","description":"Statik Baumann - Ingenieurb\u00fcro f\u00fcr Statik und Baukonstruktion in Schw\u00e4bisch Hall: Tragwerksplanung, Industriebau, Verwaltungsbau, Br\u00fcckenbau, ...","robots":{"index":"index","follow":"follow","max-snippet":"max-snippet:-1","max-image-preview":"max-image-preview:large","max-video-preview":"max-video-preview:-1"},"canonical":"https:\/\/www.statikbaumann.de\/","og_locale":"de_DE","og_type":"article","og_title":"Home - Baumann Statik","og_description":"Statik Baumann - Ingenieurb\u00fcro f\u00fcr Statik und Baukonstruktion in Schw\u00e4bisch Hall: Tragwerksplanung, Industriebau, Verwaltungsbau, Br\u00fcckenbau, ...","og_url":"https:\/\/www.statikbaumann.de\/","og_site_name":"Baumann Statik","article_modified_time":"2024-09-15T10:59:27+00:00","twitter_card":"summary_large_image","twitter_misc":{"Gesch\u00e4tzte Lesezeit":"2\u00a0Minuten"},"schema":{"@context":"https:\/\/schema.org","@graph":[{"@type":"WebSite","@id":"https:\/\/www.statikbaumann.de\/#website","url":"https:\/\/www.statikbaumann.de\/","name":"Baumann Statik","description":"Ingenieurb\u00fcro f\u00fcr Statik und Baukonstruktion","potentialAction":[{"@type":"SearchAction","target":{"@type":"EntryPoint","urlTemplate":"https:\/\/www.statikbaumann.de\/?s={search_term_string}"},"query-input":"required name=search_term_string"}],"inLanguage":"de"},{"@type":"WebPage","@id":"https:\/\/www.statikbaumann.de\/#webpage","url":"https:\/\/www.statikbaumann.de\/","name":"Home - Baumann Statik","isPartOf":{"@id":"https:\/\/www.statikbaumann.de\/#website"},"datePublished":"2016-03-08T10:29:27+00:00","dateModified":"2024-09-15T10:59:27+00:00","description":"Statik Baumann - Ingenieurb\u00fcro f\u00fcr Statik und Baukonstruktion in Schw\u00e4bisch Hall: Tragwerksplanung, Industriebau, Verwaltungsbau, Br\u00fcckenbau, ...","breadcrumb":{"@id":"https:\/\/www.statikbaumann.de\/#breadcrumb"},"inLanguage":"de","potentialAction":[{"@type":"ReadAction","target":["https:\/\/www.statikbaumann.de\/"]}]},{"@type":"BreadcrumbList","@id":"https:\/\/www.statikbaumann.de\/#breadcrumb","itemListElement":[{"@type":"ListItem","position":1,"name":"Startseite","item":"https:\/\/www.statikbaumann.de\/"},{"@type":"ListItem","position":2,"name":"Home"}]}]}},"_links":{"self":[{"href":"https:\/\/www.statikbaumann.de\/index.php\/wp-json\/wp\/v2\/pages\/380"}],"collection":[{"href":"https:\/\/www.statikbaumann.de\/index.php\/wp-json\/wp\/v2\/pages"}],"about":[{"href":"https:\/\/www.statikbaumann.de\/index.php\/wp-json\/wp\/v2\/types\/page"}],"author":[{"embeddable":true,"href":"https:\/\/www.statikbaumann.de\/index.php\/wp-json\/wp\/v2\/users\/1"}],"replies":[{"embeddable":true,"href":"https:\/\/www.statikbaumann.de\/index.php\/wp-json\/wp\/v2\/comments?post=380"}],"version-history":[{"count":35,"href":"https:\/\/www.statikbaumann.de\/index.php\/wp-json\/wp\/v2\/pages\/380\/revisions"}],"predecessor-version":[{"id":1366,"href":"https:\/\/www.statikbaumann.de\/index.php\/wp-json\/wp\/v2\/pages\/380\/revisions\/1366"}],"wp:attachment":[{"href":"https:\/\/www.statikbaumann.de\/index.php\/wp-json\/wp\/v2\/media?parent=380"}],"curies":[{"name":"wp","href":"https:\/\/api.w.org\/{rel}","templated":true}]}}